igit of a?
3
Suppose -19*f = -24*f - 60. Let k(u) = -u**3 - 6*u**2 - 8*u - 2. What is the hundreds digit of k(f)?
9
Suppose 5*g - b = 4*b - 20, 0 = 3*g + b - 4. Suppose -d - 3*y - 18 = g, 0 = 5*d - 4*d - 5*y - 6. What is the tens digit of (-2)/1 - (-66)/(d/(-3))?
2
Let d(a) = 7*a**2 - a + 3. Let q = 70 - 67. Suppose 0 = -3*h + 2*g + 6, -h = -2*g + q*g - 7. What is the tens digit of d(h)?
1
What is the tens digit of (528/(-32) - -15)*-3178?
6
Let g be (-2)/(-4)*(-1 - -1). Suppose 4*f - 77 + 249 = g. Let p = -31 - f. What is the units digit of p?
2
Let r = -1544 - -913. Let g be (-2)/14 + r*4/(-28). Suppose 8*h = 5*h + g. What is the units digit of h?
0
Let a(o) = o + 2. Let d(n) = -26*n**2 - 11*n - 5. Let j(q) = a(q) - d(q). What is the units digit of j(-4)?
5
Suppose 3*o - d = 35595, -5*d + 26754 = 3*o - 8859. What is the tens digit of o?
6
Let u(j) = 2*j**2 - 3*j**2 + 9 - j + 7 + 8*j**2. Suppose 3*c - m - 13 = 3, 4 = -m. What is the hundreds digit of u(c)?
1
Let l = -192 - -212. Suppose 0 = -22*h + l*h + 844. What is the units digit of h?
2
What is the tens digit of (-7 - (0/10 + -19334)) + -4?
2
Let o(v) = -v**3 + 77*v**2 + 88*v + 188. What is the hundreds digit of o(78)?
9
Let q = 68 - -36. Suppose u + 35 + q = 0. Let z = -97 - u. What is the tens digit of z?
4
Let x = 23293 - 13477. What is the thousands digit of x?
9
What is the units digit of -2 + -3 + (-5173857)/(-117)?
6
Let i(s) = 21*s**2 + s + 3. Let a be i(5). Let g = 2236 + -335. Suppose g = 6*p + a. What is the tens digit of p?
2
Suppose -g + 5*y = -3*g + 613, 5*g = 5*y + 1620. Suppose 77 - g = -k. What is the hundreds digit of k?
2
Let d be (-20)/(-70) - (-2)/(-7). Suppose l - 5*w + 3 = d, 0*l = -2*l + w - 24. Let f(y) = -13*y + 1. What is the tens digit of f(l)?
7
Let g be 1*(-14 + -2) + -6. What is the units digit of (-10946)/g + 300/(-550)?
7
Suppose -2*n = -z - 47246, 216*z + 70854 = 3*n + 212*z. What is the ten thousands digit of n?
2
Suppose -59617 = -8*a + 5*p, 15*a + p - 37240 = 10*a. What is the units digit of a?
9
What is the thousands digit of 115 - 102 - -1122*1?
1
Let t(x) = -82*x + 830. Let h be 1/(-4) - (13 - (-848)/(-64)). What is the units digit of t(h)?
0
What is the tens digit of (28 - 749/28) + (144945/12 - 1)?
7
Let r be (-32)/(-40)*(650/(-4) - 0). Let j = 135 - r. What is the units digit of (j + 2)*((-3)/(-9))/1?
9
Suppose 2*w - 131 = -15. Let s = w - 55. Suppose 0 = a + 2*a - s*t - 270, -268 = -3*a + 2*t. What is the tens digit of a?
8
Suppose -4*m - 3*r = -7*r - 123048, 2*m - 61528 = 4*r. What is the ten thousands digit of m?
3
What is the tens digit of 168/(-588) + -6610*(-24)/21?
5
Let d = 85 + -91. Let x(k) = 3*k + 30. Let p be x(d). Suppose p = 4*f, 3*f - 348 - 336 = -5*z. What is the hundreds digit of z?
1
Let n = 223 + -221. Suppose 4*f - s = 3992, -8*s = -n*f - 9*s + 1990. What is the units digit of f?
7
Suppose -533 = -18*g - 29. What is the units digit of 1 + -5*(g/20 + -5)?
9
What is the units digit of (2067/2 + 0)*(-1022)/(-231)*11?
7
Let p(k) = k**3 - 33*k**2 + 29*k + 97. Let s be p(32). Let b = s - -247. What is the hundreds digit of b?
2
Let q be (-18756)/(-60)*(5 + 0). Let w = q - 833. What is the units digit of w?
0
Suppose -4*p + 260432 = 4*c, 0 = 126*p - 129*p + 21. What is the units digit of c?
1
Suppose -29 - 73 = -6*k. Suppose -22 - k = -3*a. Suppose 8*q - a + 5 = 0. What is the units digit of q?
1
Suppose 6*w = -117 - 27. Suppose -3*x - 123 = -4*r, -5*x - 79 + 14 = -2*r. Let z = r + w. What is the units digit of z?
6
Let y(w) be the second derivative of -w**5/10 + 5*w**4/2 - 5*w**3/6 - 6*w**2 - 3*w + 44. What is the tens digit of y(13)?
9
Suppose -55*w = -80*w - 225. What is the tens digit of w/(36/16) - -2*178?
5
Let l(n) = n - 3. Let v be l(19). Let t(q) = q**2 - 21*q + 33. Let b be t(v). Let y = b - -66. What is the tens digit of y?
1
Let m(s) = 82*s**2 + 4*s - 7. Let y be m(3). Suppose -4*b + y - 39 = 0. What is the tens digit of b?
7
Let a(i) = -i**3 + 19*i**2 - 20*i + 8. Let g be a(18). Let o = -70 - g. Let h = 22 - o. What is the tens digit of h?
6
Let s(z) = 5*z**3 - 20*z + 2 + 39*z + 13*z**2 + 2*z**2 - 4*z**3. What is the tens digit of s(-9)?
1
Let q be (-63)/(-12) + (-2)/8. Suppose 0 = -q*l - 3*l + 32. Suppose l*r = 2*r + 188. What is the units digit of r?
4
Let w = -145 - -147. Let u(n) = 254*n - 20. What is the units digit of u(w)?
8
Let y(b) = -1895*b**3 + 3*b**2 + 4*b**2 + 2 + 7*b + 1896*b**3 + 4*b**2. Let u be 88/(-10) - (-3)/(-15). What is the hundreds digit of y(u)?
1
Let y(o) = -24*o**2 + 1292*o - 30. What is the thousands digit of y(36)?
5
Let p be (9 - 1)/4 + 165. Let b = 31 - p. Let n = b - -210. What is the tens digit of n?
7
Suppose -4*m - 6 = -2*m, 5*p + 2*m - 34 = 0. Suppose -d - 4*n = -25, -3*d - 35 = -p*d - 2*n. What is the tens digit of 98 + d/(-15)*3?
9
Let w(y) = 3*y**3 + 8*y**2 - 5*y - 2. Let d be w(-3). Suppose 6*q = q - 5*i + 645, -109 = -q + d*i. What is the hundreds digit of q?
1
Suppose -2*u - 398 = -4*u + j, 4*j - 808 = -4*u. Let a = -139 + u. What is the units digit of a?
1
Suppose -2418*m = -2407*m - 20130. What is the tens digit of m?
3
Let p(h) = 2018*h + 953. What is the ten thousands digit of p(7)?
1
Suppose 2*q + 204 = 5*o, 3*o - 74 = q + 49. Let c(i) = -o*i - 26 - 35*i + 95*i. What is the hundreds digit of c(9)?
1
Suppose 3 = -4*k + 5*k. Suppose 0 = 2*m + u - 85, 9*m - 128 = 6*m - 2*u. Suppose -k*z + 459 = m. What is the hundreds digit of z?
1
Suppose y - 263 = 2596 + 522. What is the tens digit of y?
8
Let n(p) = 7*p + 39. Let q = 696 + -695. What is the units digit of n(q)?
6
Suppose -3 = -a, 2*q - a = 4*a + 47. Suppose -g - 936 = -5*c, -217 + q = -c - g. Suppose 4*s - c - 89 = 0. What is the tens digit of s?
6
Let r(q) = 430*q**2 - 2*q - 31. What is the units digit of r(-4)?
7
What is the ten thousands digit of 10 + 3 + (-11)/((-44)/95372)?
2
Let c(b) = 6*b**3 + 12*b**2 + 8. What is the hundreds digit of c(12)?
1
Let b(z) = 31*z**2 - 151*z + 3763. What is the thousands digit of b(26)?
0
Let z = 311 - 335. What is the tens digit of (21210/z)/(-5) + 6/(-8)?
7
Suppose 0 = -2*m - 957 + 19465. What is the tens digit of m?
5
Let j(a) = 16*a**2 + 4*a + 5. Let k be j(-2). Let t = 541 + k. What is the tens digit of t?
0
Let u(j) = 126*j**2 + 38*j - 206. What is the units digit of u(5)?
4
Let r(x) = 864*x**2 - 25*x - 62. What is the tens digit of r(-3)?
8
Suppose -5*s + 50 = -0*s. Suppose 4*w - 2 = s, -5*w + 6 = -3*l. Suppose 3*v = -5*h + 716, l*h + v - 155 = 277. What is the hundreds digit of h?
1
Let s = -1995 - -1993. Let o(k) = -k + k**2 + 6*k**2 + 7*k. What is the units digit of o(s)?
6
Let q = 732 - 181. Let c = q + -517. What is the units digit of c?
4
Let l be 3 + (-558)/(-15) + (-2)/10. Suppose 17*y - l = 15*y. What is the tens digit of -15*((-104)/y + -2)?
0
Let d(q) = 2*q. Let u be d(7). Suppose -11*t = -52 - u. What is the hundreds digit of 1263/9 + (-2)/t?
1
Let w(u) = -u**3 - u**2 + 2*u + 8. Let s be w(0). Let i = 2029 + -1193. Suppose 0 = -s*z - 20 + i. What is the units digit of z?
2
Let a(n) be the second derivative of 163*n**5/10 + n**3/3 - n**2/2 + 2*n + 19. What is the hundreds digit of a(1)?
3
Suppose 3*u = -85*h + 89*h - 226782, 2*u + 283474 = 5*h. What is the thousands digit of h?
6
Let p(h) = 22*h**3 - 8*h + 4. Let s be p(2). Let q(b) = b**3 - 2*b**2 - 2*b - 3. Let c be q(3). What is the hundreds digit of (c + 0)/((-3)/(-3)) + s?
1
Let b(i) = -5*i + 535. Suppose -5*c + 11*q - 6*q + 20 = 0, 5*q = 2*c - 20. What is the tens digit of b(c)?
3
Let d = 5203 - -52057. What is the ten thousands digit of d?
5
Let z be (5 + (-45)/10)*26. Suppose 22*d = z*d + 1026. Suppose -3*w = 5*o - 6*w - d, 0 = 5*o + 4*w - 93. What is the tens digit of o?
2
Let l(k) = 40*k + 43. Let i be l(9). Let u = 840 - i. What is the tens digit of u?
3
Let o be (23/6 + -3)*(0 - -6). Suppose 1831 = o*u - 2*x, 0*u - 5*u - x = -1837. What is the tens digit of u?
6
Suppose 0 = 3*s + 4*c - 7902, 0*s = 5*s + 10*c - 13180. What is the units digit of s?
0
Let d = 38863 - 16229. What is the units digit of d?
4
Let k(f) = 45*f + 127. Suppose -23*d + 15*d = -88. What is the hundreds digit of k(d)?
6
Let a(w) = -3*w**2 + 29*w + 67. Let x be a(-2). Let k(p) be the second derivative of -p**5/20 - 2*p**2 - p. What is t